{"id":1183,"date":"2022-10-18T15:16:51","date_gmt":"2022-10-18T18:16:51","guid":{"rendered":"https:\/\/silkeymundial.com\/pro\/?page_id=1183"},"modified":"2022-12-16T19:21:24","modified_gmt":"2022-12-16T22:21:24","slug":"chemdybell","status":"publish","type":"page","link":"https:\/\/silkeymundial.com\/pro\/chemdybell\/","title":{"rendered":"Chemdybell"},"content":{"rendered":"\t\t<div data-elementor-type=\"wp-page\" data-elementor-id=\"1183\" class=\"elementor elementor-1183\">\n\t\t\t\t\t\t<section class=\"elementor-section elementor-top-section elementor-element elementor-element-d839e24 elementor-section-full_width elementor-section-height-min-height elementor-section-height-default elementor-section-items-middle\" data-id=\"d839e24\" data-element_type=\"section\" data-e-type=\"section\">\n\t\t\t\t\t\t<div class=\"elementor-container elementor-column-gap-no\">\n\t\t\t\t\t<div class=\"elementor-column elementor-col-100 elementor-top-column elementor-element elementor-element-600911e\" data-id=\"600911e\" data-element_type=\"column\" data-e-type=\"column\">\n\t\t\t<div class=\"elementor-widget-wrap elementor-element-populated\">\n\t\t\t\t\t\t<div class=\"elementor-element elementor-element-0f0d4e2 premium-vscroll-nav-dots-yes elementor-widget elementor-widget-premium-vscroll\" data-id=\"0f0d4e2\" data-element_type=\"widget\" data-e-type=\"widget\" data-widget_type=\"premium-vscroll.default\">\n\t\t\t\t<div class=\"elementor-widget-container\">\n\t\t\t\t\t\n\t\t<div class=\"premium-vscroll-wrap\" id=\"premium-vscroll-wrap-0f0d4e2\" data-settings=\"{&quot;id&quot;:&quot;0f0d4e2&quot;,&quot;speed&quot;:700,&quot;offset&quot;:0,&quot;tooltips&quot;:false,&quot;dotsText&quot;:[&quot;&quot;],&quot;dotsPos&quot;:&quot;right&quot;,&quot;dotsVPos&quot;:&quot;middle&quot;,&quot;fullSection&quot;:true,&quot;fullTouch&quot;:false,&quot;fullCheckOverflow&quot;:true,&quot;addToHistory&quot;:true,&quot;animation&quot;:&quot;&quot;,&quot;duration&quot;:null}\">\n\t\t\t\t\t\t<div class=\"premium-vscroll-inner\" id=\"premium-vscroll-0f0d4e2\">\n\t\t\t\t<div class=\"premium-vscroll-dots premium-vscroll-dots-hide right middle circ\">\n\t\t\t\t\t<ul class=\"premium-vscroll-dots-list\">\n\t\t\t\t\t\t\t\t\t\t\t\t\t<li data-index=\"0\" data-menuanchor=\"section_0f0d4e20\" class=\"premium-vscroll-dot-item\">\n\t\t\t\t\t\t\t\t<div class=\"premium-vscroll-nav-link\"><span><\/span><\/div>\n\t\t\t\t\t\t\t<\/li>\n\t\t\t\t\t\t\t\t\t\t\t\t\t<li data-index=\"1\" data-menuanchor=\"section_0f0d4e21\" class=\"premium-vscroll-dot-item\">\n\t\t\t\t\t\t\t\t<div class=\"premium-vscroll-nav-link\"><span><\/span><\/div>\n\t\t\t\t\t\t\t<\/li>\n\t\t\t\t\t\t\t\t\t\t\t\t\t<li data-index=\"2\" data-menuanchor=\"section_0f0d4e22\" class=\"premium-vscroll-dot-item\">\n\t\t\t\t\t\t\t\t<div class=\"premium-vscroll-nav-link\"><span><\/span><\/div>\n\t\t\t\t\t\t\t<\/li>\n\t\t\t\t\t\t\t\t\t\t\t<\/ul>\n\t\t\t\t<\/div>\n\t\t\t\t\t\t\t\t\t<div class=\"premium-vscroll-sections-wrap\" id=\"premium-vscroll-sections-wrap-0f0d4e2\">\n\n\t\t\t\t\t\t\t\t\t\t\t\t\t<div id=\"section_0f0d4e20\" class=\"premium-vscroll-temp premium-vscroll-temp-0f0d4e2\">\n\t\t\t\t\t\t\t\t<style>.elementor-1186 .elementor-element.elementor-element-c02608f > .elementor-container{min-height:100vh;}.elementor-1186 .elementor-element.elementor-element-c02608f > .elementor-container > .elementor-column > .elementor-widget-wrap{align-content:flex-start;align-items:flex-start;}.elementor-1186 .elementor-element.elementor-element-c02608f{margin-top:0px;margin-bottom:0px;padding:0px 0px 0px 0px;}.elementor-1186 .elementor-element.elementor-element-152fa8a > .elementor-element-populated{margin:0px 0px 0px 0px;--e-column-margin-right:0px;--e-column-margin-left:0px;padding:0px 0px 0px 0px;}.elementor-1186 .elementor-element.elementor-element-027dce2 > .elementor-container{min-height:100vh;}.elementor-1186 .elementor-element.elementor-element-027dce2{transition:background 0.3s, border 0.3s, border-radius 0.3s, box-shadow 0.3s;margin-top:0px;margin-bottom:0px;padding:0px 0px 0px 0px;}.elementor-1186 .elementor-element.elementor-element-027dce2 > .elementor-background-overlay{transition:background 0.3s, border-radius 0.3s, opacity 0.3s;}.elementor-bc-flex-widget .elementor-1186 .elementor-element.elementor-element-45054e8.elementor-column .elementor-widget-wrap{align-items:center;}.elementor-1186 .elementor-element.elementor-element-45054e8.elementor-column.elementor-element[data-element_type=\"column\"] > .elementor-widget-wrap.elementor-element-populated{align-content:center;align-items:center;}.elementor-1186 .elementor-element.elementor-element-45054e8:not(.elementor-motion-effects-element-type-background) > .elementor-widget-wrap, .elementor-1186 .elementor-element.elementor-element-45054e8 > .elementor-widget-wrap > .elementor-motion-effects-container > .elementor-motion-effects-layer{background-color:#FFFFFF;}.elementor-1186 .elementor-element.elementor-element-45054e8 > .elementor-element-populated{transition:background 0.3s, border 0.3s, border-radius 0.3s, box-shadow 0.3s;margin:0px 0px 0px 0px;--e-column-margin-right:0px;--e-column-margin-left:0px;padding:0px 0px 0px 0px;}.elementor-1186 .elementor-element.elementor-element-45054e8 > .elementor-element-populated > .elementor-background-overlay{transition:background 0.3s, border-radius 0.3s, opacity 0.3s;}.elementor-1186 .elementor-element.elementor-element-346e00b{text-align:center;}.elementor-1186 .elementor-element.elementor-element-346e00b .elementor-heading-title{font-family:\"Montserrat\", Sans-serif;font-size:36px;font-weight:200;font-style:italic;color:#000000;}.elementor-1186 .elementor-element.elementor-element-346e00b > .elementor-widget-container{margin:0px 0px 10px 0px;padding:0px 0px 0px 0px;}.elementor-1186 .elementor-element.elementor-element-d6f8251{text-align:center;}.elementor-1186 .elementor-element.elementor-element-d6f8251 .elementor-heading-title{font-family:\"Montserrat\", Sans-serif;font-size:34px;color:#000000;}.elementor-1186 .elementor-element.elementor-element-d6f8251 > .elementor-widget-container{margin:0px 20px 0px 20px;padding:0px 0px 0px 0px;}.elementor-1186 .elementor-element.elementor-element-5e4c106{text-align:center;}.elementor-1186 .elementor-element.elementor-element-5e4c106 .elementor-heading-title{font-family:\"Montserrat\", Sans-serif;font-size:20px;font-weight:500;color:#000000;}.elementor-1186 .elementor-element.elementor-element-5e4c106 > .elementor-widget-container{margin:0px 20px 0px 20px;padding:0px 0px 0px 0px;}.elementor-1186 .elementor-element.elementor-element-0c66640{text-align:center;}.elementor-1186 .elementor-element.elementor-element-0c66640 .elementor-heading-title{font-family:\"Montserrat\", Sans-serif;font-size:20px;font-weight:400;color:#000000;}.elementor-1186 .elementor-element.elementor-element-0c66640 > .elementor-widget-container{margin:0px 20px 0px 20px;padding:0px 0px 0px 0px;}.elementor-bc-flex-widget .elementor-1186 .elementor-element.elementor-element-a6ee894.elementor-column .elementor-widget-wrap{align-items:center;}.elementor-1186 .elementor-element.elementor-element-a6ee894.elementor-column.elementor-element[data-element_type=\"column\"] > .elementor-widget-wrap.elementor-element-populated{align-content:center;align-items:center;}.elementor-1186 .elementor-element.elementor-element-a6ee894:not(.elementor-motion-effects-element-type-background) > .elementor-widget-wrap, .elementor-1186 .elementor-element.elementor-element-a6ee894 > .elementor-widget-wrap > .elementor-motion-effects-container > .elementor-motion-effects-layer{background-color:#000000;}.elementor-1186 .elementor-element.elementor-element-a6ee894 > .elementor-element-populated{transition:background 0.3s, border 0.3s, border-radius 0.3s, box-shadow 0.3s;margin:0px 0px 0px 0px;--e-column-margin-right:0px;--e-column-margin-left:0px;padding:0px 0px 0px 0px;}.elementor-1186 .elementor-element.elementor-element-a6ee894 > .elementor-element-populated > .elementor-background-overlay{transition:background 0.3s, border-radius 0.3s, opacity 0.3s;}.elementor-1186 .elementor-element.elementor-element-49fc576 .elementor-wrapper{--video-aspect-ratio:1;}:root{--page-title-display:none;}@media(max-width:767px){.elementor-1186 .elementor-element.elementor-element-346e00b .elementor-heading-title{font-size:24px;}.elementor-1186 .elementor-element.elementor-element-346e00b > .elementor-widget-container{margin:10px 0px 0px 0px;}.elementor-1186 .elementor-element.elementor-element-d6f8251 .elementor-heading-title{font-size:20px;}.elementor-1186 .elementor-element.elementor-element-d6f8251 > .elementor-widget-container{margin:0px 20px 0px 20px;}.elementor-1186 .elementor-element.elementor-element-afd7158 > .elementor-widget-container{margin:0px 0px 0px 0px;padding:0px 0px 0px 0px;}.elementor-1186 .elementor-element.elementor-element-5e4c106 .elementor-heading-title{font-size:15px;}.elementor-1186 .elementor-element.elementor-element-5e4c106 > .elementor-widget-container{margin:0px 20px 20px 20px;}.elementor-1186 .elementor-element.elementor-element-0c66640 .elementor-heading-title{font-size:15px;}.elementor-1186 .elementor-element.elementor-element-0c66640 > .elementor-widget-container{margin:0px 20px 20px 20px;}}<\/style>\t\t<div data-elementor-type=\"page\" data-elementor-id=\"1186\" class=\"elementor elementor-1186\">\n\t\t\t\t\t\t<section class=\"elementor-section elementor-top-section elementor-element elementor-element-c02608f elementor-section-full_width elementor-section-height-min-height elementor-section-content-top elementor-section-height-default elementor-section-items-middle\" data-id=\"c02608f\" data-element_type=\"section\" data-e-type=\"section\">\n\t\t\t\t\t\t<div class=\"elementor-container elementor-column-gap-no\">\n\t\t\t\t\t<div class=\"elementor-column elementor-col-100 elementor-top-column elementor-element elementor-element-152fa8a\" data-id=\"152fa8a\" data-element_type=\"column\" data-e-type=\"column\">\n\t\t\t<div class=\"elementor-widget-wrap elementor-element-populated\">\n\t\t\t\t\t\t<section class=\"elementor-section elementor-inner-section elementor-element elementor-element-027dce2 elementor-section-full_width elementor-section-height-min-height elementor-section-height-default\" data-id=\"027dce2\" data-element_type=\"section\" data-e-type=\"section\" data-settings=\"{&quot;background_background&quot;:&quot;video&quot;}\">\n\t\t\t\t\t\t<div class=\"elementor-container elementor-column-gap-no\">\n\t\t\t\t\t<div class=\"elementor-column elementor-col-50 elementor-inner-column elementor-element elementor-element-45054e8\" data-id=\"45054e8\" data-element_type=\"column\" data-e-type=\"column\" data-settings=\"{&quot;background_background&quot;:&quot;classic&quot;}\">\n\t\t\t<div class=\"elementor-widget-wrap elementor-element-populated\">\n\t\t\t\t\t\t<div class=\"elementor-element elementor-element-346e00b elementor-invisible elementor-widget elementor-widget-heading\" data-id=\"346e00b\" data-element_type=\"widget\" data-e-type=\"widget\" data-settings=\"{&quot;_animation&quot;:&quot;fadeInDown&quot;}\" data-widget_type=\"heading.default\">\n\t\t\t\t<div class=\"elementor-widget-container\">\n\t\t\t\t\t<h2 class=\"elementor-heading-title elementor-size-default\">#chemdybell<\/h2>\t\t\t\t<\/div>\n\t\t\t\t<\/div>\n\t\t\t\t<div class=\"elementor-element elementor-element-d6f8251 elementor-invisible elementor-widget elementor-widget-heading\" data-id=\"d6f8251\" data-element_type=\"widget\" data-e-type=\"widget\" data-settings=\"{&quot;_animation&quot;:&quot;fadeInDown&quot;}\" data-widget_type=\"heading.default\">\n\t\t\t\t<div class=\"elementor-widget-container\">\n\t\t\t\t\t<h2 class=\"elementor-heading-title elementor-size-default\">El polvo decolorante Chemdy Bell es mentolado y no produce desprendimientos amoniacales. Adem\u00e1s su proceso controlado, permite que el polvo no vuele en el ambiente beneficiando el trabajo del sal\u00f3n haci\u00e9ndolo m\u00e1s seguro para el profesional.<\/h2>\t\t\t\t<\/div>\n\t\t\t\t<\/div>\n\t\t\t\t<div class=\"elementor-element elementor-element-afd7158 elementor-invisible elementor-widget elementor-widget-image\" data-id=\"afd7158\" data-element_type=\"widget\" data-e-type=\"widget\" data-settings=\"{&quot;_animation&quot;:&quot;fadeInUp&quot;}\" data-widget_type=\"image.default\">\n\t\t\t\t<div class=\"elementor-widget-container\">\n\t\t\t\t\t\t\t\t\t\t\t\t\t\t\t<img decoding=\"async\" src=\"https:\/\/silkeymundial.com\/pro\/wp-content\/uploads\/elementor\/thumbs\/producto-chemdybell-ppal-pwenhnqytaz8cq4uaqvyjk0tnycnj1erfkrztffitc.jpg\" title=\"producto-chemdybell-ppal\" alt=\"producto-chemdybell-ppal\" loading=\"lazy\" \/>\t\t\t\t\t\t\t\t\t\t\t\t\t\t\t<\/div>\n\t\t\t\t<\/div>\n\t\t\t\t<div class=\"elementor-element elementor-element-5e4c106 elementor-invisible elementor-widget elementor-widget-heading\" data-id=\"5e4c106\" data-element_type=\"widget\" data-e-type=\"widget\" data-settings=\"{&quot;_animation&quot;:&quot;fadeInUp&quot;}\" data-widget_type=\"heading.default\">\n\t\t\t\t<div class=\"elementor-widget-container\">\n\t\t\t\t\t<h2 class=\"elementor-heading-title elementor-size-default\">Permite aclarar hasta 7 tonos con un alto poder cosm\u00e9tico.<\/h2>\t\t\t\t<\/div>\n\t\t\t\t<\/div>\n\t\t\t\t<div class=\"elementor-element elementor-element-0c66640 elementor-invisible elementor-widget elementor-widget-heading\" data-id=\"0c66640\" data-element_type=\"widget\" data-e-type=\"widget\" data-settings=\"{&quot;_animation&quot;:&quot;fadeInLeft&quot;}\" data-widget_type=\"heading.default\">\n\t\t\t\t<div class=\"elementor-widget-container\">\n\t\t\t\t\t<h2 class=\"elementor-heading-title elementor-size-default\">Mir\u00e1 el video <i class=\"fa fa-video-camera\" aria-hidden=\"true\"><\/i>\n con la explicaci\u00f3n t\u00e9cnica de uso.<\/h2>\t\t\t\t<\/div>\n\t\t\t\t<\/div>\n\t\t\t\t\t<\/div>\n\t\t<\/div>\n\t\t\t\t<div class=\"elementor-column elementor-col-50 elementor-inner-column elementor-element elementor-element-a6ee894\" data-id=\"a6ee894\" data-element_type=\"column\" data-e-type=\"column\" data-settings=\"{&quot;background_background&quot;:&quot;classic&quot;}\">\n\t\t\t<div class=\"elementor-widget-wrap elementor-element-populated\">\n\t\t\t\t\t\t<div class=\"elementor-element elementor-element-49fc576 elementor-widget elementor-widget-video\" data-id=\"49fc576\" data-element_type=\"widget\" data-e-type=\"widget\" data-settings=\"{&quot;youtube_url&quot;:&quot;https:\\\/\\\/www.youtube.com\\\/watch?v=GlKpfleWgcI&quot;,&quot;autoplay&quot;:&quot;yes&quot;,&quot;play_on_mobile&quot;:&quot;yes&quot;,&quot;mute&quot;:&quot;yes&quot;,&quot;loop&quot;:&quot;yes&quot;,&quot;video_type&quot;:&quot;youtube&quot;,&quot;controls&quot;:&quot;yes&quot;}\" data-widget_type=\"video.default\">\n\t\t\t\t<div class=\"elementor-widget-container\">\n\t\t\t\t\t\t\t<div class=\"elementor-wrapper elementor-open-inline\">\n\t\t\t<div class=\"elementor-video\"><\/div>\t\t<\/div>\n\t\t\t\t\t\t<\/div>\n\t\t\t\t<\/div>\n\t\t\t\t\t<\/div>\n\t\t<\/div>\n\t\t\t\t\t<\/div>\n\t\t<\/section>\n\t\t\t\t\t<\/div>\n\t\t<\/div>\n\t\t\t\t\t<\/div>\n\t\t<\/section>\n\t\t\t\t<\/div>\n\t\t\t\t\t\t\t\t\t<\/div>\n\t\t\t\t\t\t\t\t\t\t\t\t\t<div id=\"section_0f0d4e21\" class=\"premium-vscroll-temp premium-vscroll-temp-0f0d4e2\">\n\t\t\t\t\t\t\t\t<style>.elementor-1185 .elementor-element.elementor-element-2b7829b:not(.elementor-motion-effects-element-type-background), .elementor-1185 .elementor-element.elementor-element-2b7829b > .elementor-motion-effects-container > .elementor-motion-effects-layer{background-color:#FFFFFF;}.elementor-1185 .elementor-element.elementor-element-2b7829b{transition:background 0.3s, border 0.3s, border-radius 0.3s, box-shadow 0.3s;}.elementor-1185 .elementor-element.elementor-element-2b7829b > .elementor-background-overlay{transition:background 0.3s, border-radius 0.3s, opacity 0.3s;}.elementor-1185 .elementor-element.elementor-element-7a8915b > .elementor-element-populated{margin:0px 0px 0px 0px;--e-column-margin-right:0px;--e-column-margin-left:0px;padding:0px 0px 0px 0px;}.elementor-1185 .elementor-element.elementor-element-d9f6adc{text-align:center;}.elementor-1185 .elementor-element.elementor-element-d9f6adc .elementor-heading-title{font-family:\"Montserrat\", Sans-serif;font-size:28px;font-weight:300;}.elementor-1185 .elementor-element.elementor-element-d9f6adc > .elementor-widget-container{margin:020px 0px 0px 0px;padding:0px 0px 0px 0px;}.elementor-1185 .elementor-element.elementor-element-3037012.elementor-position-right .elementor-image-box-img{margin-left:0px;}.elementor-1185 .elementor-element.elementor-element-3037012.elementor-position-left .elementor-image-box-img{margin-right:0px;}.elementor-1185 .elementor-element.elementor-element-3037012.elementor-position-top .elementor-image-box-img{margin-bottom:0px;}.elementor-1185 .elementor-element.elementor-element-3037012 .elementor-image-box-wrapper .elementor-image-box-img{width:100%;}.elementor-1185 .elementor-element.elementor-element-3037012 .elementor-image-box-img img{transition-duration:0.6s;}.elementor-1185 .elementor-element.elementor-element-3037012 .elementor-image-box-title{font-family:\"Montserrat\", Sans-serif;font-size:36px;font-weight:400;}.elementor-1185 .elementor-element.elementor-element-3037012 .elementor-image-box-description{font-family:\"Montserrat\", Sans-serif;font-size:20px;font-weight:300;}.elementor-1185 .elementor-element.elementor-element-3037012 > .elementor-widget-container{margin:0px 0px 0px 0px;padding:0px 0px 0px 0px;}:root{--page-title-display:none;}@media(max-width:767px){.elementor-1185 .elementor-element.elementor-element-7a8915b > .elementor-element-populated{margin:0px 0px 0px 0px;--e-column-margin-right:0px;--e-column-margin-left:0px;padding:0px 0px 0px 0px;}.elementor-1185 .elementor-element.elementor-element-d9f6adc > .elementor-widget-container{margin:20px 0px 0px 0px;}.elementor-1185 .elementor-element.elementor-element-3037012 .elementor-image-box-img{margin-bottom:0px;}.elementor-1185 .elementor-element.elementor-element-3037012 .elementor-image-box-title{font-size:24px;}.elementor-1185 .elementor-element.elementor-element-3037012 .elementor-image-box-description{font-size:16px;}.elementor-1185 .elementor-element.elementor-element-3037012 > .elementor-widget-container{margin:0px 0px 50px 0px;}}<\/style>\t\t<div data-elementor-type=\"page\" data-elementor-id=\"1185\" class=\"elementor elementor-1185\">\n\t\t\t\t\t\t<section class=\"elementor-section elementor-top-section elementor-element elementor-element-2b7829b elementor-section-full_width elementor-section-height-full elementor-section-height-default elementor-section-items-middle\" data-id=\"2b7829b\" data-element_type=\"section\" data-e-type=\"section\" data-settings=\"{&quot;background_background&quot;:&quot;classic&quot;}\">\n\t\t\t\t\t\t<div class=\"elementor-container elementor-column-gap-no\">\n\t\t\t\t\t<div class=\"elementor-column elementor-col-100 elementor-top-column elementor-element elementor-element-7a8915b\" data-id=\"7a8915b\" data-element_type=\"column\" data-e-type=\"column\">\n\t\t\t<div class=\"elementor-widget-wrap elementor-element-populated\">\n\t\t\t\t\t\t<div class=\"elementor-element elementor-element-d9f6adc elementor-widget elementor-widget-heading\" data-id=\"d9f6adc\" data-element_type=\"widget\" data-e-type=\"widget\" data-widget_type=\"heading.default\">\n\t\t\t\t<div class=\"elementor-widget-container\">\n\t\t\t\t\t<h2 class=\"elementor-heading-title elementor-size-default\">Otros productos:<\/h2>\t\t\t\t<\/div>\n\t\t\t\t<\/div>\n\t\t\t\t<div data-ep-wrapper-link=\"{&quot;url&quot;:&quot;#&quot;,&quot;is_external&quot;:&quot;&quot;,&quot;nofollow&quot;:&quot;&quot;,&quot;custom_attributes&quot;:&quot;&quot;}\" style=\"cursor: pointer\" class=\"bdt-element-link elementor-element elementor-element-3037012 elementor-position-top elementor-widget elementor-widget-image-box\" data-id=\"3037012\" data-element_type=\"widget\" data-e-type=\"widget\" data-widget_type=\"image-box.default\">\n\t\t\t\t<div class=\"elementor-widget-container\">\n\t\t\t\t\t<div class=\"elementor-image-box-wrapper\"><figure class=\"elementor-image-box-img\"><a href=\"https:\/\/silkeymundial.com\/pro\/kerankaye-platinum-perfil-blonder\/\" tabindex=\"-1\"><img fetchpriority=\"high\" decoding=\"async\" width=\"350\" height=\"350\" src=\"https:\/\/silkeymundial.com\/pro\/wp-content\/uploads\/2022\/10\/kerankaye-platinum-blonder-.jpg\" class=\"elementor-animation-grow attachment-full size-full wp-image-1196\" alt=\"\" srcset=\"https:\/\/silkeymundial.com\/pro\/wp-content\/uploads\/2022\/10\/kerankaye-platinum-blonder-.jpg 350w, https:\/\/silkeymundial.com\/pro\/wp-content\/uploads\/2022\/10\/kerankaye-platinum-blonder--300x300.jpg 300w, https:\/\/silkeymundial.com\/pro\/wp-content\/uploads\/2022\/10\/kerankaye-platinum-blonder--150x150.jpg 150w\" sizes=\"(max-width: 350px) 100vw, 350px\" \/><\/a><\/figure><div class=\"elementor-image-box-content\"><h3 class=\"elementor-image-box-title\"><a href=\"https:\/\/silkeymundial.com\/pro\/kerankaye-platinum-perfil-blonder\/\">Kerankaye Platinum perfil <i>Blonder<\/i><\/a><\/h3><p class=\"elementor-image-box-description\">Rubios luminosos en su m\u00e1xima expresi\u00f3n.<\/p><\/div><\/div>\t\t\t\t<\/div>\n\t\t\t\t<\/div>\n\t\t\t\t\t<\/div>\n\t\t<\/div>\n\t\t\t\t\t<\/div>\n\t\t<\/section>\n\t\t\t\t<\/div>\n\t\t\t\t\t\t\t\t\t<\/div>\n\t\t\t\t\t\t\t\t\t\t\t\t\t<div id=\"section_0f0d4e22\" class=\"premium-vscroll-temp premium-vscroll-temp-0f0d4e2\">\n\t\t\t\t\t\t\t\t\t\t\t\t\t\t\t<\/div>\n\t\t\t\t\t\t\t\t\t\t\t<\/div>\n\t\t\t\t\t\t\t<\/div>\n\t\t<\/div>\n\n\t\t\t\t\t\t<\/div>\n\t\t\t\t<\/div>\n\t\t\t\t\t<\/div>\n\t\t<\/div>\n\t\t\t\t\t<\/div>\n\t\t<\/section>\n\t\t\t\t<\/div>\n\t\t","protected":false},"excerpt":{"rendered":"<p>#chemdybell El polvo decolorante Chemdy Bell es mentolado y no produce desprendimientos amoniacales. Adem\u00e1s su proceso controlado, permite que el&#8230;<\/p>\n","protected":false},"author":1,"featured_media":0,"parent":0,"menu_order":0,"comment_status":"closed","ping_status":"closed","template":"elementor_header_footer","meta":{"footnotes":""},"class_list":["post-1183","page","type-page","status-publish","hentry"],"post-meta":{"_elementor_edit_mode":["builder","builder","builder","builder"],"_elementor_template_type":["wp-page","wp-page","wp-page","wp-page"],"_edit_lock":["1671249226:1"],"_wp_page_template":["elementor_header_footer"],"_edit_last":["1"],"site-container":["default"],"site-header-transparent":["default"],"site-page-header":["default"],"site-sidebar":["default"],"_elementor_version":["3.9.1"],"_elementor_data":["[{\"id\":\"d839e24\",\"elType\":\"section\",\"settings\":{\"layout\":\"full_width\",\"gap\":\"no\",\"height\":\"min-height\",\"custom_height\":{\"unit\":\"vh\",\"size\":\"\",\"sizes\":[]},\"custom_height_tablet\":{\"unit\":\"vh\",\"size\":\"\",\"sizes\":[]},\"custom_height_mobile\":{\"unit\":\"vh\",\"size\":\"\",\"sizes\":[]},\"pa_condition_repeater\":[]},\"elements\":[{\"id\":\"600911e\",\"elType\":\"column\",\"settings\":{\"_column_size\":100,\"_inline_size\":null,\"margin\":{\"unit\":\"px\",\"top\":\"0\",\"right\":\"0\",\"bottom\":\"0\",\"left\":\"0\",\"isLinked\":false},\"padding\":{\"unit\":\"px\",\"top\":\"0\",\"right\":\"0\",\"bottom\":\"0\",\"left\":\"0\",\"isLinked\":false},\"pa_condition_repeater\":[]},\"elements\":[{\"id\":\"0f0d4e2\",\"elType\":\"widget\",\"settings\":{\"section_repeater\":[{\"_id\":\"7a988f9\",\"section_template\":\"chemdybell 01\"},{\"_id\":\"8f42472\",\"section_template\":\"chemdybell 2 (productos relacionados)\"},{\"_id\":\"aaf6675\"}],\"id_repeater\":[],\"nav_menu_repeater\":[],\"pa_condition_repeater\":[],\"dots_tooltips_switcher\":\"\",\"dots_border_color\":\"#FFFFFF\",\"dots_border_radius\":{\"unit\":\"px\",\"top\":\"15\",\"right\":\"15\",\"bottom\":\"15\",\"left\":\"15\",\"isLinked\":true},\"__globals__\":{\"dots_color\":\"globals\\\/colors?id=primary\",\"active_dot_color\":\"globals\\\/colors?id=text\",\"navigation_background\":\"\",\"dots_border_color\":\"\"},\"active_dot_color\":\"#000000\",\"navigation_border_radius\":{\"unit\":\"px\",\"size\":0,\"sizes\":[]}},\"elements\":[],\"widgetType\":\"premium-vscroll\"}],\"isInner\":false}],\"isInner\":false}]"],"_elementor_page_settings":["a:2:{s:21:\"background_background\";s:7:\"classic\";s:11:\"__globals__\";a:1:{s:16:\"background_color\";s:25:\"globals\/colors?id=primary\";}}"],"_pa_widget_elements":["a:1:{i:0;s:15:\"premium-vscroll\";}"],"_elementor_page_assets":["a:2:{s:6:\"styles\";a:1:{i:0;s:14:\"premium-addons\";}s:7:\"scripts\";a:4:{i:0;s:10:\"pa-iscroll\";i:1;s:13:\"pa-slimscroll\";i:2;s:10:\"pa-vscroll\";i:3;s:18:\"elementor-frontend\";}}"],"_elementor_css":["a:6:{s:4:\"time\";i:1775991164;s:5:\"fonts\";a:0:{}s:5:\"icons\";a:0:{}s:20:\"dynamic_elements_ids\";a:0:{}s:6:\"status\";s:4:\"file\";i:0;s:0:\"\";}"],"_elementor_element_cache":["{\"timeout\":1776066765,\"value\":{\"content\":\"\\t\\t<section class=\\\"elementor-section elementor-top-section elementor-element elementor-element-d839e24 elementor-section-full_width elementor-section-height-min-height elementor-section-height-default elementor-section-items-middle\\\" data-id=\\\"d839e24\\\" data-element_type=\\\"section\\\" data-e-type=\\\"section\\\">\\n\\t\\t\\t\\t\\t\\t<div class=\\\"elementor-container elementor-column-gap-no\\\">\\n\\t\\t\\t\\t\\t<div class=\\\"elementor-column elementor-col-100 elementor-top-column elementor-element elementor-element-600911e\\\" data-id=\\\"600911e\\\" data-element_type=\\\"column\\\" data-e-type=\\\"column\\\">\\n\\t\\t\\t<div class=\\\"elementor-widget-wrap elementor-element-populated\\\">\\n\\t\\t\\t\\t[elementor-element k=\\\"275a8f75f720364520ee6fa3a517689f\\\" data=\\\"eyJpZCI6IjBmMGQ0ZTIiLCJlbFR5cGUiOiJ3aWRnZXQiLCJzZXR0aW5ncyI6eyJzZWN0aW9uX3JlcGVhdGVyIjpbeyJfaWQiOiI3YTk4OGY5Iiwic2VjdGlvbl90ZW1wbGF0ZSI6ImNoZW1keWJlbGwgMDEifSx7Il9pZCI6IjhmNDI0NzIiLCJzZWN0aW9uX3RlbXBsYXRlIjoiY2hlbWR5YmVsbCAyIChwcm9kdWN0b3MgcmVsYWNpb25hZG9zKSJ9LHsiX2lkIjoiYWFmNjY3NSJ9XSwiaWRfcmVwZWF0ZXIiOltdLCJuYXZfbWVudV9yZXBlYXRlciI6W10sInBhX2NvbmRpdGlvbl9yZXBlYXRlciI6W10sImRvdHNfdG9vbHRpcHNfc3dpdGNoZXIiOiIiLCJkb3RzX2JvcmRlcl9jb2xvciI6IiNGRkZGRkYiLCJkb3RzX2JvcmRlcl9yYWRpdXMiOnsidW5pdCI6InB4IiwidG9wIjoiMTUiLCJyaWdodCI6IjE1IiwiYm90dG9tIjoiMTUiLCJsZWZ0IjoiMTUiLCJpc0xpbmtlZCI6dHJ1ZX0sIl9fZ2xvYmFsc19fIjp7ImRvdHNfY29sb3IiOiJnbG9iYWxzXC9jb2xvcnM\\\/aWQ9cHJpbWFyeSIsImFjdGl2ZV9kb3RfY29sb3IiOiJnbG9iYWxzXC9jb2xvcnM\\\/aWQ9dGV4dCIsIm5hdmlnYXRpb25fYmFja2dyb3VuZCI6IiIsImRvdHNfYm9yZGVyX2NvbG9yIjoiIn0sImFjdGl2ZV9kb3RfY29sb3IiOiIjMDAwMDAwIiwibmF2aWdhdGlvbl9ib3JkZXJfcmFkaXVzIjp7InVuaXQiOiJweCIsInNpemUiOjAsInNpemVzIjpbXX19LCJlbGVtZW50cyI6W10sIndpZGdldFR5cGUiOiJwcmVtaXVtLXZzY3JvbGwifQ==\\\"]\\t\\t\\t<\\\/div>\\n\\t\\t<\\\/div>\\n\\t\\t\\t\\t\\t<\\\/div>\\n\\t\\t<\\\/section>\\n\\t\\t\",\"scripts\":[],\"styles\":[]}}"]},"_links":{"self":[{"href":"https:\/\/silkeymundial.com\/pro\/wp-json\/wp\/v2\/pages\/1183","targetHints":{"allow":["GET"]}}],"collection":[{"href":"https:\/\/silkeymundial.com\/pro\/wp-json\/wp\/v2\/pages"}],"about":[{"href":"https:\/\/silkeymundial.com\/pro\/wp-json\/wp\/v2\/types\/page"}],"author":[{"embeddable":true,"href":"https:\/\/silkeymundial.com\/pro\/wp-json\/wp\/v2\/users\/1"}],"replies":[{"embeddable":true,"href":"https:\/\/silkeymundial.com\/pro\/wp-json\/wp\/v2\/comments?post=1183"}],"version-history":[{"count":28,"href":"https:\/\/silkeymundial.com\/pro\/wp-json\/wp\/v2\/pages\/1183\/revisions"}],"predecessor-version":[{"id":2294,"href":"https:\/\/silkeymundial.com\/pro\/wp-json\/wp\/v2\/pages\/1183\/revisions\/2294"}],"wp:attachment":[{"href":"https:\/\/silkeymundial.com\/pro\/wp-json\/wp\/v2\/media?parent=1183"}],"curies":[{"name":"wp","href":"https:\/\/api.w.org\/{rel}","templated":true}]}}